uppose 2*p + g = 109. Is p prime?
False
Let s = -2462 - -4609. Suppose -464 - s = z. Let w = z + 4928. Is w a prime number?
False
Let d(s) = -2*s**3 + s**2 + 15*s + 332543. Is d(0) prime?
False
Is 841986 - -10*(-56)/80 prime?
True
Suppose 13*w - 3*w - 16530 = 0. Suppose -h + 4*h - w = 0. Is h composite?
True
Suppose 16*v - 301*v + 97100925 = 0. Is v composite?
True
Let h = -105800 + 239721. Is h prime?
False
Let r(u) = -776*u - 6. Let c(a) = -1 - 1 + 115*a - 298*a - 76*a. Let o(b) = 11*c(b) - 4*r(b). Is o(5) composite?
False
Let o be -8 - (7280*-1)/7. Let a(f) = f**2. Let g be a(2). Suppose 0 = -2*q + g*z + 2854, -q + 390 + o = -3*z. Is q composite?
True
Suppose -3*i + 2*g + 167843 = 0, -2*i - 2*g + 68098 = -43804. Is i a prime number?
True
Let u(s) = s**3 + 20*s**2 - 5*s + 87082. Is u(0) a prime number?
False
Let l = 743113 + -476022. Is l composite?
True
Is -1*(-6)/15*5*225915/30 prime?
True
Is 513666/4*(-118)/(-531) a composite number?
False
Let s(v) = 2389*v + 1938. Is s(17) a composite number?
True
Let z(m) = 1125*m - 3395. Let u be z(3). Let r(j) = -5 - j**2 - 26*j + 16 + 8. Is r(u) a composite number?
False
Let f(c) = c + 95. Let z be f(-12). Let w(o) = -3*o**3 - 2*o**2 + o - 8. Let n be w(-6). Suppose 0 = 3*d - 2*i - 485, -n = -3*d - 4*i - z. Is d composite?
True
Suppose 3*l + 5 = g + 14, 0 = -2*l - 3*g - 5. Suppose 4*s - 4*j = 4328, -5*j = -3*j. Suppose 4627 = l*z + 5*f + s, -5*f - 1750 = -z. Is z composite?
True
Let j = -88 - -92. Is 3*((-3490)/(-24) + 1/j) a prime number?
False
Is -32771*(25/(-10))/((-40)/(-16)) a prime number?
True
Let h(f) = 23*f - 29. Suppose -9*g = 20 - 137. Let s be h(g). Suppose -3*i + s = 3*k, -2*i - 2*k = -5*i + 265. Is i a composite number?
False
Suppose 0 = i + 3*y - 2947, 0 = -4*i + 8*y - 4*y + 11724. Suppose 0 = 2*t + 3*t - i. Is t a composite number?
False
Suppose 52*r - 47*r = 25. Let b(x) = x**2 + 4*x + 6. Let t be b(-3). Suppose t*l = -12, -r*f - 5*l + 778 = 53. Is f composite?
False
Suppose l + 6847 = -5*j + 3*j, -2*l = -2*j - 6862. Let z = 5065 + j. Is z composite?
True
Let b(y) = 34*y**3 - 16*y**2 + 11*y + 8. Let x be b(10). Suppose 0 = -8*v + 107 - 3. Suppose -v*p = -x - 13567. Is p a prime number?
False
Let t = 10 - 34. Let u be 81/(-12) + (-18)/t. Is u/(-9)*(7550/4 + 1) composite?
False
Let h(m) = -m**3 - 16*m**2 - 9*m + 1689. Is h(0) a composite number?
True
Let c(f) = -f**2 - f - 9. Let g be c(0). Let q(j) = -131*j**3 + 15*j + 23. Let y be q(-2). Is (y/g)/((-2)/6) a composite number?
False
Suppose 56*d - 11580326 = -110*d. Is d composite?
False
Suppose -4*t + 0*t - 18500 = 0. Let a = 7140 + t. Is a + 2 + 16/(-4) prime?
False
Suppose 1243309 - 2637148 - 19250655 = -78*z. Is z a prime number?
False
Let a(h) be the first derivative of -9*h**4/2 + 13*h**3/3 - 9*h**2 + 3*h + 9. Is a(-8) a composite number?
True
Let u be 18/(-48) - 75/(-8). Suppose u*c = 11*c - 5*v - 16559, c - 8287 = 4*v. Is c a prime number?
False
Let y be (6 - (4596 + -1)) + -1. Let s = y - -7511. Is s prime?
False
Suppose -2*z + 33363 = -236203. Is z a prime number?
False
Let m be (8*1)/(6/2937). Let i = 1539 + -866. Suppose -3*n - i = -m. Is n composite?
True
Suppose 2*n + 147669 = 5*i + 719005, 4*n + 3*i - 1142594 = 0. Is n composite?
True
Let o(g) = 3*g**2 + 42*g - 6. Let s be o(-10). Suppose 5*i - 397 = -t, 0 = 4*t - 2*i - i - 1496. Let h = t + s. Is h a composite number?
False
Let s be (-4)/(80/12)*-15. Suppose w = -s*n + 4*n + 1346, 4*w = 5*n + 5459. Is w prime?
True
Suppose f + 5*r = 5*f - 1770, -4*f - r = -1782. Let j = f + -1494. Is 30/(-135) + j*8/(-18) a prime number?
False
Let k be 1/(-4) + 3 + (-46905)/(-20). Suppose 8*m = 12*m - k. Is 21/(-15) - -2 - m/(-5) composite?
True
Let w be -4 + (11 - -518) - 9/(-3). Let d be 4/3 + (-2)/(-3). Suppose -d*p + w = -958. Is p prime?
True
Let d = 29917 - 10386. Is d prime?
True
Let v(c) = 1174*c**2 + 70*c - 73. Is v(-5) a prime number?
True
Let d(j) = 29 - 16*j**2 + 16*j + j**3 + 11*j - 4*j**2 - 68. Is d(25) prime?
True
Suppose 0 = -t + 85*f - 80*f + 754353, 0 = 2*f + 8. Is t a composite number?
False
Let b be -5 + 18/2 - (5 - 1). Suppose -10*h + 11*h + 3*v - 6539 = b, v = 5*h - 32663. Is h composite?
True
Suppose 0 = 4*a - 11*l + 15*l - 108816, -a + 27219 = 4*l. Is a a prime number?
False
Let n = 736 - 731. Suppose 0 = -c + o + 3248, n*o + 3266 = c + 10*o. Is c composite?
False
Let s(w) = -7*w**3 - 42*w**2 + 937*w - 59. Is s(-60) composite?
True
Let g = -40984 + 66423. Is g a prime number?
True
Let i(j) = -6*j + 1695. Let n be i(0). Let p = -1202 + n. Is p a composite number?
True
Let b = 429168 - 217799. Is b a prime number?
True
Suppose z = -4*w - 18 - 6, -z - 4 = 0. Let s(a) be the third derivative of -a**6/60 + a**5/15 - a**4/12 - 7*a**3/6 - 4*a**2. Is s(w) a composite number?
False
Let z(q) = 152*q**3 + q**2 + 2*q - 2. Let j be z(1). Let k = j + 61. Let x = 800 - k. Is x composite?
True
Let a = 568 - 567. Let o(z) = 3 + 2 + 1396*z + 3 - 5. Is o(a) a composite number?
False
Let s(h) = -3 + 8*h**2 - 10 + 7*h + 29*h**3 + 1 - 9*h. Is s(5) prime?
True
Suppose -g - 9207 = -91126. Is g prime?
True
Let g = 88 - 87. Let s(n) = -88*n**3 - 6*n**2 - 2*n + 3. Let f(o) = -o**3 - o**2 + 1. Let j(p) = g*s(p) - 4*f(p). Is j(-1) prime?
True
Let v be (-7355)/(-4) + -2 + 1/4. Let r = 5468 + v. Suppose 5*w = 0, -3*w + 2*w + r = 3*q. Is q a prime number?
False
Suppose 4*s - 36812 - 4400 = 0. Let c(l) = -28*l**2 - 27*l + 281. Let k be c(13). Let o = k + s. Is o composite?
False
Let y = 34 - 31. Let g be ((-6)/7)/(y/5292). Let d = 2725 + g. Is d prime?
True
Let f be (-2 - -2 - 6) + 0. Let a(n) = -n**2 - 13*n + 44. Let d be a(-16). Is 621 + f/(12/d) a prime number?
False
Let s(u) = -3*u**3 + 20*u**2 + 25*u - 7. Suppose 35*a = 37*a + 30. Is s(a) a prime number?
True
Is 591882 + -12 + (-156)/12 composite?
True
Suppose 0 = -j + 2166*c - 2161*c + 73979, 0 = -j - 2*c + 74007. Is j prime?
True
Let g(z) = 15933*z**3 + 8*z**2 - 11*z - 5. Is g(2) composite?
True
Let t(d) = 6*d**2 + 20*d + 1. Let i be t(-3). Is -1*(924 + i)/(-1) composite?
False
Let w(a) = 13*a**2 + 6*a + 6. Let t be w(-2). Suppose 40*g = t*g - 6414. Is g a prime number?
True
Suppose 473 = -37*m + 140. Let z(a) = 24*a**2 + 16*a + 47. Is z(m) prime?
True
Let r(o) = -142*o + 4. Let p be r(-12). Let j = 3772 + p. Suppose -3*z - 569 = -j. Is z prime?
True
Suppose -42*d + 1405471 = -3609480 - 3860027. Is d composite?
True
Suppose p = -4*p - 20, 144 = 4*f + 4*p. Suppose 9*m = 5*m + f. Suppose 0 = m*j - 6729 - 4481. Is j composite?
True
Let o(s) = s**3 + 10*s**2 - 25*s + 9. Let j be o(-12). Is j*(-1)/((-21)/1561) a prime number?
False
Let n(j) = -33*j + 23. Let o(q) = 67*q - 47. Suppose 7*s - 25 = -116. Let d(g) = s*n(g) - 6*o(g). Is d(8) composite?
False
Is 4 + (-54)/(-45)*(1001015/10 - 4) prime?
True
Suppose 4122*b + 8688733 = 4145*b. Is b composite?
False
Suppose 4*u = -7*u + 1606. Let f = u + -56. Let m = f - -395. Is m composite?
True
Is 1*(-8 + (1 + 852142/1 - -4)) a prime number?
True
Let s = 144 - 148. Is ((-1118)/s)/((-3)/(-6)) prime?
False
Let h be 5/((-35)/14) + 4354. Let o = -2523 + h. Is o composite?
True
Suppose -2*g - 17*g + 2003749 = 302090. Is g a composite number?
False
Let r(g) = 121*g**2 + 4*g + 11. Let f be 7 + (-18)/6 + 2. Is r(f) a prime number?
True
Let i = 71061 - -114920. Is i composite?
True
Let i = 4 + -1. Suppose -i*j = -3*l - 4*j + 22041, -j = -3*l + 22041. Let u = l + -2866. Is u prime?
True
Let p(d) = 52*d**3 + 17*d**2 - 37*d + 71. Is p(13) prime?
True
Let k(r) = 13580*r**2 - 608*r + 1823. Is k(3) a prime number?
True
Let y(d) = 865362*d**2 + 110*d - 1. Is y(1) prime?
False
Let u = -30087 - -47305. Is u a composite number?
True
Let f(k) = 28580*k**2 - 3*k - 2. Let x be f(1). Suppose 28994 = 23*n - x. Is n a composite number?
False
Let r(c) = -6 - 2*c - 5 + 12 + 9*c**2. Let h be r(2). Is (-25 - -26) + h + 0 prime?
False
Let f be (-9)/(1080/(-256)) - (-4)/(-30). Suppose f*v = 9*v - 2037. Is v a prime number?
False
Let d be (-65)/455 + 62/(-7) - 1178. Let g = -757 - -2029. Let f = g - d. Is f composite?
False
Let m(a) = 41322*a - 12133. Is m(10) composite?
False
Let x(w) = -w**3 - 9*w**2 - 5*w + 9. Let p(v) = 2*v**3 + 19*v**2 + 9*v - 19. Let y(m) = 2*p(m) + 5*x(m). Let t be -19 - -8 - (0 - 1). Is y(t) composite?
